ainder when 186 is divided by 39?
30
What is the remainder when 52 is divided by 31?
21
Calculate the remainder when 176 is divided by 45.
41
Calculate the remainder when 260 is divided by 89.
82
What is the remainder when 753 is divided by 38?
31
Calculate the remainder when 1205 is divided by 21.
8
What is the remainder when 2050 is divided by 1020?
10
Calculate the remainder when 122 is divided by 65.
57
Calculate the remainder when 507 is divided by 43.
34
Calculate the remainder when 209 is divided by 40.
9
What is the remainder when 22 is divided by 5?
2
What is the remainder when 9117 is divided by 32?
29
What is the remainder when 19 is divided by 15?
4
Calculate the remainder when 1423 is divided by 56.
23
What is the remainder when 165 is divided by 22?
11
Calculate the remainder when 129 is divided by 15.
9
What is the remainder when 237 is divided by 229?
8
Calculate the remainder when 1119 is divided by 368.
15
Calculate the remainder when 135 is divided by 34.
33
What is the remainder when 179 is divided by 137?
42
Calculate the remainder when 326 is divided by 15.
11
What is the remainder when 330 is divided by 37?
34
What is the remainder when 357 is divided by 9?
6
Calculate the remainder when 1185 is divided by 27.
24
Calculate the remainder when 1694 is divided by 169.
4
Calculate the remainder when 956 is divided by 140.
116
What is the remainder when 1241 is divided by 178?
173
Calculate the remainder when 372 is divided by 179.
14
What is the remainder when 408 is divided by 107?
87
What is the remainder when 303 is divided by 94?
21
Calculate the remainder when 1698 is divided by 46.
42
What is the remainder when 232 is divided by 143?
89
What is the remainder when 247 is divided by 59?
11
Calculate the remainder when 42250 is divided by 253.
252
What is the remainder when 162 is divided by 21?
15
What is the remainder when 189 is divided by 38?
37
Calculate the remainder when 188 is divided by 20.
8
Calculate the remainder when 540 is divided by 39.
33
Calculate the remainder when 437 is divided by 8.
5
What is the remainder when 1202 is divided by 86?
84
Calculate the remainder when 207 is divided by 70.
67
Calculate the remainder when 88 is divided by 36.
16
What is the remainder when 2819 is divided by 94?
93
What is the remainder when 61 is divided by 15?
1
What is the remainder when 99 is divided by 29?
12
What is the remainder when 1289 is divided by 116?
13
Calculate the remainder when 17534 is divided by 4.
2
What is the remainder when 236 is divided by 24?
20
What is the remainder when 954 is divided by 110?
74
What is the remainder when 4178 is divided by 126?
20
What is the remainder when 493 is divided by 26?
25
Calculate the remainder when 1054 is divided by 96.
94
Calculate the remainder when 8021 is divided by 136.
133
Calculate the remainder when 19 is divided by 1.
0
Calculate the remainder when 9831 is divided by 16.
7
Calculate the remainder when 1461 is divided by 34.
33
What is the remainder when 2459 is divided by 32?
27
Calculate the remainder when 133 is divided by 46.
41
What is the remainder when 610 is divided by 47?
46
What is the remainder when 2455 is divided by 307?
306
Calculate the remainder when 1142 is divided by 88.
86
What is the remainder when 1506 is divided by 33?
21
What is the remainder when 156 is divided by 95?
61
Calculate the remainder when 1233 is divided by 407.
12
What is the remainder when 204 is divided by 69?
66
Calculate the remainder when 437 is divided by 120.
77
Calculate the remainder when 1202 is divided by 43.
41
Calculate the remainder when 9 is divided by 5.
4
Calculate the remainder when 309 is divided by 13.
10
Calculate the remainder when 771 is divided by 111.
105
What is the remainder when 255 is divided by 241?
14
What is the remainder when 589 is divided by 174?
67
Calculate the remainder when 855 is divided by 413.
29
What is the remainder when 837 is divided by 330?
177
What is the remainder when 129 is divided by 22?
19
What is the remainder when 74 is divided by 26?
22
What is the remainder when 116 is divided by 30?
26
What is the remainder when 490 is divided by 35?
0
Calculate the remainder when 596 is divided by 46.
44
Calculate the remainder when 31 is divided by 5.
1
Calculate the remainder when 419 is divided by 20.
19
What is the remainder when 8360 is divided by 34?
30
Calculate the remainder when 4726 is divided by 163.
162
Calculate the remainder when 710 is divided by 62.
28
What is the remainder when 930 is divided by 12?
6
Calculate the remainder when 1756 is divided by 29.
16
Calculate the remainder when 44 is divided by 25.
19
What is the remainder when 74 is divided by 29?
16
What is the remainder when 12 is divided by 5?
2
Calculate the remainder when 127 is divided by 10.
7
What is the remainder when 280 is divided by 58?
48
What is the remainder when 721 is divided by 19?
18
What is the remainder when 605 is divided by 158?
131
Calculate the remainder when 250 is divided by 57.
22
Calculate the remainder when 1339 is divided by 122.
119
What is the remainder when 722 is divided by 357?
8
What is the remainder when 81 is divided by 4?
1
What is the remainder when 3298 is divided by 75?
73
Calculate the remainder when 261 is divided by 158.
103
What is the remainder when 19663 is divided by 22?
17
What is the remainder when 262 is divided by 68?
58
Calculate the remainder when 234 is divided by 63.
45
Calculate the remainder when 195 is divided by 49.
48
Calculate the remainder when 252 is divided by 27.
9
What is the remainder when 8124 is divided by 13?
12
Calculate the remainder when 547 is divided by 28.
15
Calculate the remainder when 142 is divided by 72.
70
What is the remainder when 513 is divided by 13?
6
What is the remainder when 25 is divided by 11?
3
Calculate the remainder when 92 is divided by 26.
14
Calculate the remainder when 53 is divided by 29.
24
Calculate the remainder when 231 is divided by 29.
28
Calculate the remainder when 990 is divided by 124.
122
What is the remainder when 123 is divided by 36?
15
Calculate the remainder when 29 is divided by 22.
7
What is the remainder when 2162 is divided by 24?
2
Calculate the remainder when 6871 is divided by 66.
7
What is the remainder when 2243 is divided by 24?
11
Calculate the remainder when 149 is divided by 60.
29
What is the remainder when 171 is divided by 16?
11
What is the remainder when 425 is divided by 134?
23
Calculate the remainder when 707 is divided by 179.
170
What is the remainder when 10581 is divided by 98?
95
Calculate the remainder when 68 is divided by 44.
24
What is the remainder when 346 is divided by 12?
10
What is the remainder when 2674 is divided by 22?
12
Calculate the remainder when 708 is divided by 10.
8
Calculate the remainder when 220 is divided by 103.
14
Calculate the remainder when 1067 is divided by 37.
31
What is the remainder when 556 is divided by 16?
12
What is the remainder when 5908 is divided by 9?
4
Calculate the remainder when 98 is divided by 21.
14
Calculate the remainder when 873 is divided by 11.
4
Calculate the remainder when 1207 is divided by 55.
52
What is the remainder when 1084 is divided by 82?
18
Calculate the remainder when 10213 is divided by 78.
73
What is the remainder when 474 is divided by 25?
24
What is the remainder when 30007 is divided by 124?
123
Calculate the remainder when 611 is divided by 61.
1
Calculate the remainder when 2097 is divided by 27.
18
Calculate the remainder when 11899 is divided by 22.
19
Calculate the remainder when 231 is divided by 13.
10
Calculate the remainder when 44 is divided by 21.
2
Calculate the remainder when 3912 is divided by 435.
432
What is the remainder when 56 is divided by 21?
14
What is the remainder when 81 is divided by 7?
4
Calculate the remainder when 344 is divided by 157.
30
What is the remainder when 40 is divided by 1?
0
What is the remainder when 2996 is divided by 150?
146
What is the remainder when 1891 is divided by 462?
43
Calculate the remainder when 282 is divided by 58.
50
What is the remainder when 1506 is divided by 214?
8
What is the remainder when 274 is divided by 12?
10
What is the remainder when 152 is divided by 5?
2
Calculate t